{"id":37,"date":"2019-09-16T00:00:04","date_gmt":"2019-09-16T00:00:04","guid":{"rendered":"http:\/\/kino-cafe-bar.de\/?page_id=37"},"modified":"2026-04-28T20:06:54","modified_gmt":"2026-04-28T20:06:54","slug":"materialis","status":"publish","type":"page","link":"https:\/\/kino-cafe-bar.de\/","title":{"rendered":"Startseite"},"content":{"rendered":"<hr \/><br \/><hr \/>\r\n<h6 class=\"has-text-align-right\" style=\"text-align: right;\"><span style=\"color: #000000;\"><strong>\u201eFotos: Katrin Schneider\/INSIDE-PICTURE\u201c<\/strong><\/span><\/h6>\r\n\u00a0 \u00a0 \u00a0 \u00a0 \u00a0 \u00a0 \u00a0 \u00a0 \u00a0 \u00a0 \u00a0 \u00a0 \u00a0 \u00a0 \u00a0 \u00a0 \u00a0 \u00a0 \u00a0 \u00a0 \u00a0 \u00a0 \u00a0 \u00a0 \u00a0 \u00a0 \u00a0 \u00a0 \u00a0 \u00a0 \u00a0 \u00a0 \u00a0 \u00a0 \u00a0 \u00a0 \u00a0 \u00a0 \u00a0 \u00a0 \u00a0 \u00a0 \u00a0 \u00a0 \u00a0 \u00a0 \u00a0 <br \/>\r\n<h4 style=\"text-align: center;\"><span style=\"color: #ff0000;\"><strong>Bitte beachten,<br \/>wir nehmen nur telefonische Reservierungen an.<\/strong><\/span><\/h4>\r\n<h3 style=\"text-align: center;\"><span style=\"color: #ff0000;\"><strong>035451\/343<\/strong><\/span><\/h3>\r\n<br \/><hr \/>\r\n<h1 style=\"text-align: center;\"><span style=\"color: #000000;\">Aktuelle Kinofilme\u00a0<\/span><\/h1>\r\n<hr \/><br \/><hr \/>\r\n<h1 style=\"text-align: center;\"><span style=\"color: #ff0000;\">Der Super Mario Galaxy Film<\/span><\/h1>\r\n<hr \/><br \/>\r\n<h3 style=\"text-align: center;\"><span style=\"color: #00ff00;\">Fsk. 6 Jahre (98 min)<\/span><\/h3>\r\n<hr \/><br \/>\r\n<h4 style=\"text-align: center;\"><span style=\"color: #000000;\">In der animierten Fortsetzung Der Super Mario Galaxy Film muss Mario in den Weltraum reisen, um sich mit seinen Freunden fernab der Heimat kosmischen Gefahren zu stellen. Diesmal tritt ihnen der Sohn ihres alten Feindes gegen\u00fcber: Bowser Jr.<\/span><\/h4>\r\n<hr \/>\r\n<h4 style=\"text-align: center;\"><span style=\"color: #000000;\">Freitag 01.05. 17Uhr<\/span><\/h4>\r\n<h4 style=\"text-align: center;\"><span style=\"color: #000000;\">Samstag 02.05. 17Uhr<\/span><\/h4>\r\n<h4 style=\"text-align: center;\"><span style=\"color: #000000;\">Sonntag 03.05. 17Uhr<\/span><\/h4>\r\n<h4 style=\"text-align: center;\"><span style=\"color: #000000;\">Montag 04.05. 17Uhr<\/span><\/h4>\r\n<h4 style=\"text-align: center;\"><span style=\"color: #000000;\">Dienstag 05.05. 17Uhr<\/span><\/h4>\r\n<hr \/>\r\n<h4 style=\"text-align: center;\"><span style=\"color: #000000;\">Freitag 08.05. 17Uhr<\/span><\/h4>\r\n<h4 style=\"text-align: center;\"><span style=\"color: #000000;\">Samstag 09.05. 17Uhr<\/span><\/h4>\r\n<h4 style=\"text-align: center;\"><span style=\"color: #000000;\">Sonntag 10.05. 17Uhr<\/span><\/h4>\r\n<h4 style=\"text-align: center;\"><span style=\"color: #000000;\">Montag 11.05. 17Uhr<\/span><\/h4>\r\n<h4 style=\"text-align: center;\"><span style=\"color: #000000;\">Dienstag 12.05. 17Uhr<\/span><\/h4>\r\n<hr \/><iframe loading=\"lazy\"  style=\"display: block; margin: 0px auto;\"  id=\"_ytid_36748\"  width=\"560\" height=\"315\"  data-origwidth=\"560\" data-origheight=\"315\" src=\"https:\/\/www.youtube.com\/embed\/8B8A3gRJZb4?enablejsapi=1&autoplay=0&cc_load_policy=0&cc_lang_pref=&iv_load_policy=1&loop=0&rel=0&fs=1&playsinline=0&autohide=2&theme=dark&color=white&controls=1&disablekb=0&\" class=\"__youtube_prefs__  no-lazyload\" title=\"YouTube player\"  allow=\"fullscreen; accelerometer; autoplay; clipboard-write; encrypted-media; gyroscope; picture-in-picture; web-share\" referrerpolicy=\"strict-origin-when-cross-origin\" allowfullscreen data-no-lazy=\"1\" data-skipgform_ajax_framebjll=\"\"><\/iframe><br \/><br \/><br \/>\u00a0<br \/><hr \/>\r\n<h1 style=\"text-align: center;\"><span style=\"color: #ff0000;\">Normal<\/span><\/h1>\r\n<hr \/>\r\n<h3 style=\"text-align: center;\"><span style=\"color: #00ff00;\">FsK 18 Jahre (89Minuten)<\/span><\/h3>\r\n<hr \/>\r\n<h4 style=\"text-align: center;\"><span style=\"color: #00ff00;\"><\/span><span style=\"color: #000000;\">Im Actionthriller Normal muss Bob Odenkirk als Hilfssheriff in seiner Kleinstadt f\u00fcr Recht und Ordnung sorgen. Doch ein Bank\u00fcberfall deckt eine gr\u00f6\u00dfere Verschw\u00f6rung auf.<\/span><\/h4>\r\n<hr \/>\r\n<h4 style=\"text-align: center;\"><span style=\"color: #000000;\"><\/span><br \/><span style=\"color: #000000;\">Freitag 01.05. 20Uhr<\/span><br \/><br \/><span style=\"color: #000000;\">Samstag 02.05. 20Uhr<\/span><br \/><br \/><span style=\"color: #000000;\">Sonntag 03.05. 20Uhr<\/span><br \/><br \/><span style=\"color: #000000;\">Montag 04.05. 20Uhr<\/span><br \/><br \/><span style=\"color: #000000;\">Dienstag 05.05. 20Uhr<\/span><\/h4>\r\n<hr \/>\r\n<p style=\"text-align: center;\"><span style=\"color: #000000;\"><\/span>\u00a0<iframe loading=\"lazy\"  style=\"display: block; margin: 0px auto;\"  id=\"_ytid_37806\"  width=\"560\" height=\"315\"  data-origwidth=\"560\" data-origheight=\"315\" src=\"https:\/\/www.youtube.com\/embed\/WoYd4C_jREI?enablejsapi=1&autoplay=0&cc_load_policy=0&cc_lang_pref=&iv_load_policy=1&loop=0&rel=0&fs=1&playsinline=0&autohide=2&theme=dark&color=white&controls=1&disablekb=0&\" class=\"__youtube_prefs__  no-lazyload\" title=\"YouTube player\"  allow=\"fullscreen; accelerometer; autoplay; clipboard-write; encrypted-media; gyroscope; picture-in-picture; web-share\" referrerpolicy=\"strict-origin-when-cross-origin\" allowfullscreen data-no-lazy=\"1\" data-skipgform_ajax_framebjll=\"\"><\/iframe><br \/><br \/>\u00a0<br \/><br \/><\/p>\r\n<hr \/><hr \/><hr \/><hr \/><hr \/><hr \/><hr \/><hr \/><hr \/><hr \/><hr \/><hr \/><hr \/><hr \/>\r\n<h4 style=\"text-align: center;\"><\/h4>\r\n<h4 style=\"text-align: center;\"><!-- \/wp:post-content -->\r\n\r\n<!-- wp:separator --><\/h4>\r\n<center><\/center>\r\n<h1><!-- \/wp:separator --><\/h1>","protected":false},"excerpt":{"rendered":"<p>\u201eFotos: Katrin Schneider\/INSIDE-PICTURE\u201c \u00a0 \u00a0 \u00a0 \u00a0 \u00a0 \u00a0 \u00a0 \u00a0 \u00a0 \u00a0 \u00a0 \u00a0 \u00a0 \u00a0 \u00a0 \u00a0 \u00a0 \u00a0 \u00a0 \u00a0 \u00a0 \u00a0 \u00a0 \u00a0 \u00a0 \u00a0 \u00a0 \u00a0 \u00a0 \u00a0 \u00a0 \u00a0 \u00a0 \u00a0 \u00a0 \u00a0 \u00a0 \u00a0 \u00a0 \u00a0 \u00a0 \u00a0 \u00a0 \u00a0 \u00a0 \u00a0 \u00a0 Bitte beachten,wir nehmen nur telefonische&nbsp;&hellip;<\/p>\n","protected":false},"author":1,"featured_media":0,"parent":0,"menu_order":0,"comment_status":"closed","ping_status":"closed","template":"page-templates\/homepage.php","meta":{"footnotes":""},"class_list":["post-37","page","type-page","status-publish","hentry"],"_links":{"self":[{"href":"https:\/\/kino-cafe-bar.de\/index.php?rest_route=\/wp\/v2\/pages\/37","targetHints":{"allow":["GET"]}}],"collection":[{"href":"https:\/\/kino-cafe-bar.de\/index.php?rest_route=\/wp\/v2\/pages"}],"about":[{"href":"https:\/\/kino-cafe-bar.de\/index.php?rest_route=\/wp\/v2\/types\/page"}],"author":[{"embeddable":true,"href":"https:\/\/kino-cafe-bar.de\/index.php?rest_route=\/wp\/v2\/users\/1"}],"replies":[{"embeddable":true,"href":"https:\/\/kino-cafe-bar.de\/index.php?rest_route=%2Fwp%2Fv2%2Fcomments&post=37"}],"version-history":[{"count":869,"href":"https:\/\/kino-cafe-bar.de\/index.php?rest_route=\/wp\/v2\/pages\/37\/revisions"}],"predecessor-version":[{"id":1372,"href":"https:\/\/kino-cafe-bar.de\/index.php?rest_route=\/wp\/v2\/pages\/37\/revisions\/1372"}],"wp:attachment":[{"href":"https:\/\/kino-cafe-bar.de\/index.php?rest_route=%2Fwp%2Fv2%2Fmedia&parent=37"}],"curies":[{"name":"wp","href":"https:\/\/api.w.org\/{rel}","templated":true}]}}